 and r.
20
Let s be (-75)/45*(56/(-10) - -2). What is the greatest common divisor of s and 69?
3
Suppose 0 = 107*d - 104*d + h - 70, -5*d + 5*h = -130. Let u be 2/((-2)/432*-2). Calculate the greatest common divisor of u and d.
24
Let f = 30 - 18. Suppose -4*g + 4*j + 60 = -128, f = -3*j. Suppose 0 = -4*p - r + 38, -3*p - 2*p = -r - g. Calculate the highest common divisor of 27 and p.
9
Let g be (737/2)/(1/2). Let m = 1157 - g. Let q = -112 + m. What is the highest common divisor of q and 28?
28
Suppose -3*l + 989 = 4*w - 0*l, 5*l = -5*w + 1235. Suppose 0 = -4*u - 24 + w. What is the greatest common divisor of 14 and u?
14
Suppose -12*c + 9*c = -180. Suppose 4*b + b = -2*f + 90, -3*f + 4*b = -112. Calculate the greatest common divisor of c and f.
20
Let q(x) = 2*x - 2*x**3 - 1 - 5*x**2 - x + 3*x**3. Let i be q(5). Suppose 243 = -0*t + 16*t - 269. What is the highest common divisor of t and i?
4
Suppose 0 = u - 2 - 0. Suppose u*t = 5*d - 382, -3*d - 5*t = 2*d - 410. What is the highest common factor of 26 and d?
26
Suppose 4*n - 106 + 6 = -5*d, -2*n = -d - 64. Suppose -4*s + n = -3*s. Calculate the greatest common divisor of s and 10.
10
Let s be 8/10*1*70. Let a(x) = 141*x**3 - 2*x**2 + x. Suppose 11*v - 15*v + 4 = 0. Let y be a(v). Calculate the highest common factor of y and s.
28
Suppose 5*r + 5*d - 345 = 0, 3*r - 5*d = -d + 172. What is the highest common divisor of 32 and r?
32
Suppose -3*o + 5*m + 21 + 1903 = 0, 5*m = 20. Calculate the highest common factor of 288 and o.
72
Let u(y) = -5*y + 189. Let m be u(-14). Calculate the greatest common factor of m and 37.
37
Let n(c) = -80*c + 2. Let l be n(-3). Let x = 27 + -5. Calculate the highest common factor of l and x.
22
Let i = -14 - -149. What is the greatest common factor of 81 and i?
27
Let m(s) = 0*s + 38*s**2 - 21*s + 3 + 11*s - 6*s**2. Let g be m(3). Suppose i - w = 5*i - 119, 3*w = 9. What is the greatest common factor of g and i?
29
Let p be (-4 - -1)*(-6)/18. Suppose -b = -y - 6*b - 3, 0 = -b + p. Let d(j) = 2*j + 27. Let i be d(y). Calculate the highest common divisor of 33 and i.
11
Let f be 28*(12/14 - (-9 - -9)). Calculate the greatest common divisor of 636 and f.
12
Suppose -3*l - 633 = -4*q, 2*q + 5*l = 4*l + 309. Calculate the highest common divisor of q and 104.
52
Let k = -459 + 290. Let w = k + 289. Calculate the greatest common factor of w and 15.
15
Let n = -298 - -318. What is the greatest common factor of 260 and n?
20
Suppose 0 = 3*y + 6, 57 + 89 = 4*h - y. Suppose 0*k - h = -4*k. What is the highest common divisor of k and 9?
9
Let h be 116/(-14) - 2/(-7). Let n be h/20 - 244/(-10). Suppose 78*j = 71*j + 56. Calculate the greatest common factor of j and n.
8
Suppose -2*o + 156 = 4*d, -5 = -d - 0. Suppose 0 = 2*s, -4*z = -2*z + 2*s - 8. What is the highest common factor of o and z?
4
Suppose 3*b + 0*b - 15 = -5*f, -2*b + f - 3 = 0. Suppose m + 0*r - 4*r - 28 = b, m + 4*r + 4 = 0. What is the greatest common divisor of 12 and m?
12
Suppose 33*w - 36*w + 37 = 4*s, -3 = 3*w. Suppose -5*q + 50 = -350. What is the highest common factor of s and q?
10
Suppose 15*n = 9*n + 138. Calculate the highest common factor of n and 1081.
23
Let c(x) = x**3 - 7*x**2 - 3*x + 32. Let b be c(8). Calculate the greatest common divisor of 276 and b.
12
Suppose -4*n = -0*n - 2*t - 32, 0 = -3*t + 6. Let a(f) = f**2 - 5*f - 24. Let x be a(n). Calculate the highest common divisor of x and 24.
12
Let l(g) = -g - 6. Let o(h) = 2*h + 13. Let r(n) = 13*l(n) + 6*o(n). Let j be r(-2). What is the greatest common divisor of j and 1?
1
Let u(b) = 44 + 0*b**2 - b - b**2 + 2*b**2 - 20*b. Let w be u(24). What is the highest common factor of 29 and w?
29
Let p be (-22)/((-1 + 3)/((-3)/1)). Suppose -s = -p + 15. What is the highest common divisor of 6 and s?
6
Let c = -278 + 278. Let a(q) = -q - 4. Let f be a(-4). Suppose c = -3*y + b - f*b + 9, 0 = -5*y + 4*b + 22. Calculate the highest common divisor of 4 and y.
2
Let g = -19 + 39. Let c(u) be the third derivative of -u**4/4 - 8*u**3/3 - 27*u**2. Let p be c(-6). Calculate the highest common factor of p and g.
20
Suppose 5*f - 774 = 416. What is the greatest common factor of f and 28?
14
Suppose -c - 220 = -5*c. Suppose -j + 16 = 2*f, -1 = 3*j + 5. Let r = f - -2. Calculate the greatest common factor of c and r.
11
Let c = 482 - 418. What is the highest common factor of 368 and c?
16
Let b = 79 - 52. Suppose 7*d = -5*s + 3*d + 90, 54 = 3*s - 3*d. Calculate the highest common factor of s and b.
9
Let w be (34/(-68))/((-2)/96). What is the highest common divisor of 576 and w?
24
Suppose -5*u - f = -49, -5*u - 15*f + 61 = -11*f. What is the highest common factor of u and 144?
9
Suppose 17 = -5*p - 13. Let b be (p/(-4))/(2/4). Suppose -b*z = -0*z - 78. What is the highest common factor of z and 234?
26
Suppose -85 + 35 = -5*o. Calculate the highest common divisor of 125 and o.
5
Let z(l) = -l**3 - 2*l**2 + 5*l + 890. Let k be z(0). Calculate the highest common divisor of k and 10.
10
Suppose 0 = 3*f - 4 - 8. Suppose 3*k + 2 = f*i + 12, 5*k - 34 = -2*i. What is the greatest common divisor of 18 and k?
6
Suppose -5*g = -366 + 276. What is the greatest common factor of g and 342?
18
Let r be (140/175)/(4/210). Suppose -109 = -u - 2*v, -2*u - 2*v = -5*v - 204. What is the highest common factor of r and u?
21
Let f = 112 - 25. Suppose 5*q - 4*r - 145 = 0, 3*q + 3*r - f = -0*r. What is the highest common factor of q and 261?
29
Let m(d) = -d**2 - 4*d + 8. Let z be m(-6). Let r be (3 + -1)*(-58)/z. Let l = r + -15. Calculate the highest common divisor of 21 and l.
7
Let w(x) = 6*x**2 - 1. Let s be w(-1). Let p = 7 + s. What is the highest common divisor of 6 and p?
6
Suppose -21*o + 544 = -20*o. Calculate the greatest common divisor of o and 17.
17
Suppose -5*s = 4 - 14. Suppose -s*l + 6*l = 288. Let n be 4*2 - (3 + -4). Calculate the greatest common factor of l and n.
9
Let h be 98/5 - (-4 + (-90)/(-25)). Calculate the highest common divisor of 80 and h.
20
Let u be (1155/(-60))/((-2)/8). What is the highest common divisor of 2849 and u?
77
Let l be 0/(4 + -1)*1 - -2. Let u(j) = j**2 - j + 14. Let q be u(0). Let n = q - l. What is the highest common factor of 84 and n?
12
Suppose 4*x = -g + 32, 4*x = g - 0*x - 72. Let j = 28 + -23. Suppose 5*r + 20 = 0, q = 2*r - 4*r + j. Calculate the greatest common factor of g and q.
13
Suppose 2*o = 15*o - 208. Calculate the greatest common factor of 368 and o.
16
Let v(o) = 6*o - 2. Let a be v(3). Suppose 2*c - 2*f = a, 3*c - 30 = -0*f + 5*f. What is the highest common factor of c and 5?
5
Suppose -10*a = -12*a - 248. Let s = -88 - a. What is the greatest common factor of 4 and s?
4
Let s be (-2)/(-12) - (-6 + 934/(-12)). What is the greatest common factor of 189 and s?
21
Suppose w - 43 = -3*r, 2*r + r = 2*w + 40. Suppose l + 142 = 3*o + 2*o, 3*o = 3*l + 90. What is the greatest common factor of r and o?
14
Let m(c) = 6 + 24*c**2 - 5 - c**2 - 2*c. Let t be m(1). Calculate the highest common divisor of t and 2.
2
Suppose 3*i = 2*u + 1 + 1, -4*u + 8 = 0. Let p = -135 + 153. What is the highest common divisor of p and i?
2
Let q = 151 - 60. Let u be 4 + 0*(-1)/(-2). Suppose -2*x + 61 = 4*i - 5, u*i - 3*x - q = 0. What is the highest common divisor of i and 95?
19
Let q = 23 + -25. Let n be 790/12 - q/12. Calculate the greatest common divisor of 6 and n.
6
Suppose -5*m - 818 + 838 = 0. What is the highest common factor of m and 2?
2
Suppose -f = -102*g + 100*g - 314, g = f - 311. Calculate the greatest common divisor of 110 and f.
22
Suppose 156 = 5*l - l. Suppose -79 = -4*d - l. Calculate the highest common factor of d and 110.
10
Let d be 14/(-6)*(16 + 2). Let a = -29 - d. Suppose -16*z - 4*z + 780 = 0. What is the greatest common factor of z and a?
13
Suppose -5*h - 15 = -x, -3*x = -5*h - 75 - 0. What is the highest common divisor of x and 30?
30
Let x(o) = 4*o + 30. Let p be x(-17). Let a = 40 + p. What is the greatest common factor of 1 and a?
1
Let p(y) = y. Suppose -3*r + 2*o = 5*o - 27, -r - 2*o + 8 = 0. Let w be p(r). Calculate the greatest common divisor of w and 10.
10
Suppose -y + 144 = 3*c, -126*c + 288 = 2*y - 121*c. What is the greatest common divisor of 216 and y?
72
Suppose -9*k + 620 = 125. Suppose s = -0*